88
In base 6, what is 3331512040 + 15?
3331512055
In base 8, what is 154232 - 1130?
153102
In base 8, what is 5370101 + 6?
5370107
In base 7, what is -16643 - -10026?
-6614
In base 10, what is -5 - -271883?
271878
In base 7, what is 544441 - -55?
544526
In base 5, what is 1003134 - -1222?
1004411
In base 13, what is 3bc - 56b?
-17c
In base 14, what is -5d1 + 0?
-5d1
In base 14, what is 2628 + 3d2?
2a1a
In base 13, what is -2 + 40493?
40491
In base 12, what is 22 - 17b0a?
-17aa8
In base 5, what is -333 - -10000440?
10000102
In base 15, what is -60ed - -b?
-60e2
In base 11, what is -38919a - -41?
-389159
In base 4, what is 133022222132 + 11?
133022222203
In base 4, what is 11033313221 + 211?
11033320032
In base 13, what is 23405 - 8?
233ca
In base 2, what is -11011001001010100100101001000 - -11?
-11011001001010100100101000101
In base 11, what is -6 + -9a079387?
-9a079392
In base 4, what is 2020010110 - 121203?
2013222301
In base 15, what is 693 - a9b?
-408
In base 5, what is -32221314102 + -11?
-32221314113
In base 9, what is 444 - -28086?
28541
In base 16, what is -eb7 + -f72?
-1e29
In base 11, what is 889 - a1226?
-a0448
In base 5, what is -113 + 1212023?
1211410
In base 15, what is -d8da - 59a?
-de85
In base 11, what is 1709340 + 4?
1709344
In base 3, what is 1012221101222220 + 2?
1012221101222222
In base 8, what is 2111774 - 102?
2111672
In base 13, what is 635 - -32a14?
33349
In base 15, what is -1c886 + 6d6?
-1c1a0
In base 4, what is -1113332100032 + 2?
-1113332100030
In base 13, what is 33 + 1695764?
1695797
In base 16, what is 32a - b0c3?
-ad99
In base 11, what is -65 + 52140?
52086
In base 3, what is 222201122212 - 1000?
222201121212
In base 2, what is -100001111100100100 + -110101101?
-100010000011010001
In base 7, what is 12403 - -16001?
31404
In base 2, what is -10000001011111100000101 - 101?
-10000001011111100001010
In base 8, what is -3637465 + -5?
-3637472
In base 3, what is 110121011202 - 112?
110121011020
In base 13, what is -cca4aa - 51?
-cca52b
In base 8, what is -251106523 - 4?
-251106527
In base 13, what is 10 - 11a45a?
-11a44a
In base 4, what is -11202223 - 2331211?
-20200100
In base 5, what is 1224 - -233132?
234411
In base 7, what is -1 + -142163020?
-142163021
In base 11, what is 4182a1 + 143?
418434
In base 16, what is -b + -3f6af3d?
-3f6af48
In base 3, what is -10211 - -211100120211?
211100110000
In base 9, what is 1162 + -22768?
-21606
In base 4, what is -2 - -21131133123?
21131133121
In base 16, what is 10 - -3461e13?
3461e23
In base 13, what is -6018a68 - -4?
-6018a64
In base 8, what is 5 - 374600575?
-374600570
In base 13, what is -32 - 289c1?
-28a23
In base 10, what is -131747867 - 1?
-131747868
In base 9, what is 2 + 15310151?
15310153
In base 6, what is 5502005 + -2522?
5455043
In base 5, what is 103222 - -244341?
403113
In base 11, what is -81 - -503619?
503548
In base 14, what is -2162 + -484b?
-69ad
In base 8, what is 1552111771 + -5?
1552111764
In base 6, what is 1 - 12531130220?
-12531130215
In base 14, what is 1d + -d4a7?
-d488
In base 7, what is 11 + -1221336?
-1221325
In base 13, what is -3 - -2517c464?
2517c461
In base 8, what is 3565 + 1270524?
1274311
In base 12, what is b50 + -64a40?
-63ab0
In base 15, what is -e + 51d01?
51ce2
In base 3, what is 1012210 - 211100111?
-210010201
In base 10, what is -4 - -1078951?
1078947
In base 16, what is 0 - 2ccc35?
-2ccc35
In base 8, what is -17 + -121542?
-121561
In base 11, what is -430 + -7647?
-7a77
In base 7, what is -13 + -61233441?
-61233454
In base 2, what is -100001011001001111 + -10011?
-100001011001100010
In base 10, what is -1791905 - 25?
-1791930
In base 15, what is 1438 + -1545?
-10c
In base 7, what is 546045 - 116?
545626
In base 4, what is 113311221212 + -1021?
113311220131
In base 15, what is c6 + -701de?
-70118
In base 3, what is -1012102222001 + 20?
-1012102221211
In base 9, what is 1036 - -333317?
334354
In base 16, what is 2 - -368d06f?
368d071
In base 8, what is -47 + -14651?
-14720
In base 15, what is -64 - -17584?
17520
In base 13, what is -107a5c - 7b1?
-108540
In base 5, what is 120 + 11320013240?
11320013410
In base 12, what is -1566 + a308?
8962
In base 3, what is -11 + 1222012210122?
1222012210111
In base 11, what is -4 - -92545046?
92545042
In base 9, what is 2823 + -143176?
-140253
In base 11, what is -8 - -2988?
2980
In base 2, what is 1001010100000010101111 - -1001?
1001010100000010111000
In base 3, what is -1 - 220202102102200?
-220202102102201
In base 12, what is 63b1935 - -2?
63b1937
In base 2, what is 11001010000111100000 - 1111?
11001010000111010001
In base 4, what is 100130211 - 3211?
100121000
In base 15, what is -dace086 + 5?
-dace081
In base 7, what is 30 - 32035542?
-32035512
In base 8, what is 12024 + -7434?
2370
In base 4, what is -2 + 1123300012322?
1123300012320
In base 11, what is 2741a21 + -84?
2741948
In base 6, what is 543 - -5344130?
5345113
In base 6, what is -1044334 + 141?
-1044153
In base 3, what is 12 + -1100022220210?
-1100022220121
In base 3, what is 210 - -2112021121122121?
2112021121200101
In base 9, what is 61068 + -3871?
56087
In base 12, what is 2 - -2511a6?
2511a8
In base 9, what is -44674036 + -3?
-44674040
In base 14, what is 2b39770 - 1?
2b3976d
In base 11, what is -101131 - 4330?
-105461
In base 2, what is -1011010100101110111 + 111011010?
-1011010011110011101
In base 11, what is -18 - -245904?
245897
In base 12, what is -394bb0 - -13?
-394b99
In base 9, what is -183 + 24087?
23804
In base 9, what is 2 + 324276800?
324276802
In base 13, what is -536 + 107b7?
10281
In base 7, what is 14660325 - 15?
14660310
In base 7, what is -4 + -31100434?
-31100441
In base 2, what is -100111110111110100 + 111001001?
-100111110000101011
In base 15, what is -224 + -8dd77?
-8e09b
In base 3, what is -201 + -111102212222112?
-111102220000020
In base 7, what is 5 + -232415554?
-232415546
In base 2, what is -110010100100110101011 - -1000111000?
-110010100011101110011
In base 3, what is 12 - 100002110010212?
-100002110010200
In base 6, what is -143 + -4030051?
-4030234
In base 6, what is 451233 - -2354?
454031
In base 8, what is -62 + -17440?
-17522
In base 16, what is -da - 386940?
-386a1a
In base 13, what is 278 + -a6a08?
-a6760
In base 6, what is 40322553 + -255?
40322254
In base 14, what is -2 - 33a333?
-33a335
In base 4, what is 11212300 + 200202?
12013102
In base 14, what is -8 + -199da9?
-199db3
In base 2, what is 11101110110010 + -101110001110110?
-10000011000100
In base 8, what is 17171 - 5756?
11213
In base 3, what is 11 - 22000212010211?
-22000212010200
In base 13, what is -90477 - -34?
-90443
In base 16, what is 1 - 4896a?
-48969
In base 6, what is 10 - -411501540?
411501550
In base 9, what is 60 + -546328?
-546258
In base 13, what is -10622a - -100?
-10612a
In base 16, what is 2ab8ecc8 - 5?
2ab8ecc3
In base 16, what is -25024bd + -4?
-25024c1
In base 7, what is 132503302 + 1?
132503303
In base 2, what is -11000010011000100000100111 + -101?
-11000010011000100000101100
In base 12, what is -1115826 - -22?
-1115804
In base 9, what is 253538422 - 3?
253538418
In base 15, what is 4 - -1d329ed3?
1d329ed7
In base 8, what is 127573441 + -5?
127573434
In base 4, what is -1222322003113 - -2?
-1222322003111
In base 2, what is 101 + -101111101010011101100010?
-101111101010011101011101
In base 4, what is 1 + 3021302030301?
3021302030302
In base 7, what is -132666 + -101?
-133100
In base 10, what is -4840202 - -13?
-4840189
In base 11, what is -4 - -2247584?
2247580
In base 14, what is -1a549 + -16?
-1a561
In base 15, what is 700a - -26?
7031
In base 11, what is -251 - 8425?
-8676
In base 11, what is 27035 + 1360?
28395
In base 14, what is -175b - 2b6?
-1a33
In base 15, what is -15 - -acdc?
acc7
In base 7, what is 315516250 + 3?
315516253
In base 2, what is 1000 - 11000010101101011001111?
-11000010101101011000111
In base 9, what is -4585 + -27425?
-33121
In base 6, what is 3 - -21530244141?
21530244144
In base 10, what is 276482 - -107?
276589
In base 5, what is -3334034013 + 34?
-3334033424
In base 12, what is 44232b - 81?
44226a
In base 12, what is 547590b - 0?
547590b
In base 9, what is -7 + -114437?
-114445
In base 6, what is 223 + 415303310?
415303533
In base 3, what is 10 + 10100012222001?
10100012222011
In ba